 0, 70*n - 74*n - 62677 = -3*d. What are the prime factors of d?
13, 1607
Let b be (-96)/(-18) - 1/3. Let n be (-7)/((13 - 8) + (-292)/58). Suppose 6*g - b*g = 1, v + g = n. What are the prime factors of v?
2, 101
Let q be 4/4*6692/(6 - 10). Let b = 3409 + q. List the prime factors of b.
2, 7, 31
Let h(i) be the first derivative of -136*i**2 + 27*i + 59. What are the prime factors of h(-7)?
1931
Let l = 648 - 648. List the prime factors of -102*(-5 + 6/4 + l).
3, 7, 17
Suppose 0 = 2*z - 5*x + 6816, 4*z - 20*x + 18*x + 13616 = 0. Let d = z + 4999. What are the prime factors of d?
2, 3, 7, 19
Suppose s = -1, 4*t + 0*s + 2237 = 3*s. What are the prime factors of (29/(-4))/((-10)/t*-2)?
7, 29
Suppose 14*q - 89901 - 185059 = 0. What are the prime factors of q?
2, 5, 491
Suppose 6*c - 15 = 15. Suppose -c*a - 15 = 5*d, -3*a + 8 = -5*a. What are the prime factors of 370/12 - d/(-6)?
31
Let i be (-3081)/(-6) + 3/6*3. Suppose 3*t + 4*q = 1537, 0*t - 1033 = -2*t - q. Suppose i = -2*h + 6*h - z, -3*z = 4*h - t. What are the prime factors of h?
3, 43
Let t be (97 - 3)*3/6. Let m = t - 71. Let w = m + 43. What are the prime factors of w?
19
Let a(f) = -166*f - 82. Let t = -251 + 244. What are the prime factors of a(t)?
2, 3, 5
What are the prime factors of 15/(-12)*899/(-5) + (-18)/(-72)?
3, 5
Let m(g) = -6*g**3 - 29*g**2 - 6*g - 26. What are the prime factors of m(-14)?
2, 5419
Let k(s) = -4*s**2 - 3*s + 3. Let w be k(-2). Let a = 12 + w. Suppose h = -3*d + 281, 2*d - 107 = a*h + 86. What are the prime factors of d?
2, 47
Let s = -34998 + 77111. What are the prime factors of s?
23, 1831
Suppose -101*y + 562942 + 739751 = -12*y. List the prime factors of y.
3, 7, 17, 41
Suppose b + 0*b - 4*t + 1387 = 0, 0 = -5*b - 4*t - 7007. Let x = -474 - b. List the prime factors of x.
5, 37
Suppose 74 = 2*n - 0*n + l, 5*l = 2*n - 74. Let m = 40 - n. Suppose -3*b + g = -181, m*b + 2*g - 58 = 2*b. What are the prime factors of b?
2, 3, 5
Let c = 26012 - 18486. What are the prime factors of c?
2, 53, 71
Let s be 90409/66*12/2. Suppose 4*c = s - 1747. What are the prime factors of c?
2, 809
Suppose -70*j + 33*j + 50*j - 33293 = 0. List the prime factors of j.
13, 197
Let f be ((-4)/(-6))/((-4)/2982*-7). Let c = -24 + f. Suppose -51*r = -c*r - 636. What are the prime factors of r?
3, 53
Let c(h) = -2*h + 19. Let u be c(8). Suppose u*x = -8 + 14, -4*x = 2*j - 14. What are the prime factors of j?
3
Let z = -518 - -223. Let o = -134 - z. List the prime factors of o.
7, 23
Let a(f) = f**3 - 18*f**2 - 19*f + 10. Let z be a(19). Suppose 3270 = 20*k - z*k. What are the prime factors of k?
3, 109
Let u = 10 + -2. Suppose u*d - 3*d + 25 = 0, 0 = 5*i - 3*d - 950. What are the prime factors of i?
11, 17
Let k = -190 - -194. Suppose 4*h = 2*h - k*i + 544, -831 = -3*h - i. What are the prime factors of h?
2, 139
Suppose 143*i - 5130983 - 320463 = 0. What are the prime factors of i?
2, 7, 389
Let z be (-800)/60*30/4. Let w be -3 + 2 + (-2 - z) + 3. Suppose 8*g - w = 780. What are the prime factors of g?
2, 5, 11
Let f = -2131 + 3790. List the prime factors of f.
3, 7, 79
Suppose -2*k = -4*v + 53246, 5*v = -3*k + 68774 - 2200. List the prime factors of v.
13313
Let g(d) = -d**3 + 2*d**2 + 3*d - 2. Let n be g(2). Suppose 0*r + n = 2*r. Suppose -273 = -4*a - 2*o + 23, 2*o + 160 = r*a. List the prime factors of a.
2, 19
Suppose -l - 14*l - 11445 = 0. Let b = 1226 + l. List the prime factors of b.
463
Suppose -56 = -4*m - 5*x, -5*x + 2 = -3*m + 9. Suppose -4*n = 2*o - 146, n - 90 = -o - 16. Suppose -f = m - o. What are the prime factors of f?
2, 3, 11
Suppose -33*k + 2*k + 155 = 0. Suppose 5946 = 5*o + k*q - 2*q, -5*q - 15 = 0. What are the prime factors of o?
3, 397
Let o(b) = -3*b**3 - 6*b**2 + 2. Let c(x) = -7*x + 11. Let l(t) = -4*t + 6. Let k(p) = -3*c(p) + 5*l(p). Let m be k(-1). List the prime factors of o(m).
2, 7
Suppose 138 = l + 4*j, 2*j + j = 5*l - 598. Suppose 0 = t - 5*c - 20 - l, -2*t + 2*c = -276. Let k = t + -77. What are the prime factors of k?
2, 3, 5
Let p be 338/39*(-3)/(-2). Suppose 2*q - 3*g + p - 290 = 0, -2*q - 4*g + 270 = 0. List the prime factors of q.
137
Suppose -538*z = -2461146 - 2795114. What are the prime factors of z?
2, 5, 977
Let x = 86 + 9. Suppose 8*y = x - 679. Let f = y + 116. List the prime factors of f.
43
List the prime factors of 193/6*-2*(-648)/18.
2, 3, 193
Let h = 13 + 6. Let v = -22 + h. What are the prime factors of 1 - ((-450)/5 - v)?
2, 11
Suppose -2*o = -30554 + 1284. List the prime factors of o.
5, 2927
Suppose 2*y - 12 = 4*x, 5*y + 2*x + 3 = -3. Suppose y = -17*n + 1568 + 4841. What are the prime factors of n?
13, 29
Let g(o) = -78*o + 1. Let m be g(1). Suppose -2*i - 2*x = -358, -x + 6 = 2*x. Let v = i + m. What are the prime factors of v?
2, 5
Let d = 51 - 27. List the prime factors of ((-1)/3)/(2/d) + 235.
3, 7, 11
Suppose 0 = -2*a + 3*a - 3*l + 94, -122 = a + 4*l. Let g = -25 - a. Suppose -81 = -3*t - 2*f, -3*f + g = 3*t + f. List the prime factors of t.
3
Let z(r) = 26*r - 3*r - 213 - 33. List the prime factors of z(16).
2, 61
Suppose -4*r - 3*u = -1461, 16*r + 729 = 18*r + 3*u. Let d = 205 + r. List the prime factors of d.
571
Suppose 0 = 5*s + 20, -s = -4*v + 4*s + 36. Suppose v*k = -4, 4*a + 493 = -a - 3*k. Let p = 295 + a. What are the prime factors of p?
197
Let l(f) = -875*f + 1945. What are the prime factors of l(-31)?
2, 3, 5, 17, 19
Suppose 0 = -2284*w + 2311*w - 60183. List the prime factors of w.
3, 743
Let a be 3/(-2) - 9/(-6). Suppose -c + a*c = 5*u, -2*u + 13 = 3*c. Suppose -2*j = -5*j + 2*k + 184, 315 = 5*j - c*k. What are the prime factors of j?
2, 29
Suppose 32*z - 168*z = -1391144. List the prime factors of z.
53, 193
Let t(u) = 143*u + 53*u - 121*u - 53. What are the prime factors of t(8)?
547
Suppose -17*l - 68706 = -22*l - 4*h, -5*h = -3*l + 41194. List the prime factors of l.
2, 6869
Let c be 64/(-12)*(-708)/8. Let q = 883 - c. What are the prime factors of q?
3, 137
Let r(m) = m**2 + 3*m + 187. Let g(h) = 9*h + 22. Let w be g(-9). Let f = 59 + w. What are the prime factors of r(f)?
11, 17
Let b = 20492 + -7410. What are the prime factors of b?
2, 31, 211
Let y = 12803 + -7091. What are the prime factors of y?
2, 3, 7, 17
Let t be 80/32*(-204)/(-10). Let z(a) = t - 16 - 22 - 3*a. List the prime factors of z(-8).
37
Suppose 3625 = d - 3*j, d + 2*j - 5053 + 1443 = 0. List the prime factors of d.
2, 113
Let n = -17765 - -28471. List the prime factors of n.
2, 53, 101
Suppose 3628619 + 144281 = 107*l - 7*l. What are the prime factors of l?
29, 1301
What are the prime factors of (-81660)/(-20) + (0 - -6)?
3, 29, 47
Let n(z) = 31*z**3 - z**2 + 2*z - 2. Let l(k) = -k**3 + 1. Let x be l(0). Let g be n(x). Let m = 7 + g. What are the prime factors of m?
37
Suppose -21 - 10 = -t. Let n = t + 20. Suppose 9*v - 6*v = n. What are the prime factors of v?
17
Suppose 0 = -3*h + u + 4*u + 33, 2*u = 6. Let x(g) = -g**2 + 15*g - 17. Let j be x(h). Let t = 45 - j. List the prime factors of t.
2, 3, 13
Suppose 0 = -57*k + 15*k + 420. Suppose 4*g - k*g + 8964 = 0. What are the prime factors of g?
2, 3, 83
Suppose 80*f - 78*f - 8 = 0. Suppose 4*q + 361 = 2*i - 877, i = -f*q + 589. Suppose u + i = 4*u. List the prime factors of u.
7, 29
Let g be -8*4/(-16)*1. Suppose 17*h - g*h = 4350. List the prime factors of h.
2, 5, 29
Let d(v) = 18*v**3 + 12*v**3 - 1 + v**3 - 4*v - 2*v**2 + 6. List the prime factors of d(3).
2, 7, 29
What are the prime factors of (28/(-63))/(102/(-10654767))?
2, 139, 167
List the prime factors of (88/(-6))/(85/(-116535)).
2, 11, 457
Suppose 4*n - 974 = 514. Let o be 2/(-6) + n/9. Suppose -3*a = t - o, 0 = -t - 5*a - 9 + 54. What are the prime factors of t?
5, 7
Suppose 29*a = 491205 + 87026. List the prime factors of a.
127, 157
Let t = 183 - 180. Suppose -4*c - 2*i = -416, 0 = -c - t*i + 100 + 9. What are the prime factors of c?
103
Suppose 4*v = -6*q + q + 27, 4*q = -2*v + 18. Let n(z) = -52*z + 1. Let p be n(q). Let d = -91 - p. List the prime factors of d.
2
Suppose 17*k + 4 = 19*k. Suppose 0 = k*q - 4*o - 21 - 9, 26 = 2*q - 3*o. Suppose q*b - 387 + 30 = 0. List the prime factors of b.
3, 17
Let k = -304 + 300. Let m(z) = z**3 + 2*z**2 - 7*z + 11. What are the prime factors of m(k)?
7
Let v = -40 + 70. Let 